n 22723 is divided by 19.
18
Calculate the remainder when 104 is divided by 39.
26
What is the remainder when 393 is divided by 115?
48
Calculate the remainder when 104 is divided by 25.
4
Calculate the remainder when 168 is divided by 98.
70
What is the remainder when 2468 is divided by 640?
548
Calculate the remainder when 1486 is divided by 93.
91
What is the remainder when 397 is divided by 50?
47
Calculate the remainder when 518 is divided by 107.
90
Calculate the remainder when 446 is divided by 102.
38
What is the remainder when 3026 is divided by 37?
29
What is the remainder when 1588 is divided by 159?
157
Calculate the remainder when 637 is divided by 14.
7
Calculate the remainder when 32 is divided by 15.
2
Calculate the remainder when 2022 is divided by 81.
78
Calculate the remainder when 527 is divided by 35.
2
What is the remainder when 22461 is divided by 26?
23
What is the remainder when 15308 is divided by 176?
172
What is the remainder when 91 is divided by 33?
25
What is the remainder when 369 is divided by 46?
1
Calculate the remainder when 830 is divided by 13.
11
What is the remainder when 519 is divided by 64?
7
What is the remainder when 23688 is divided by 159?
156
Calculate the remainder when 393 is divided by 12.
9
What is the remainder when 1021 is divided by 12?
1
Calculate the remainder when 1316 is divided by 51.
41
What is the remainder when 99 is divided by 37?
25
Calculate the remainder when 97 is divided by 23.
5
Calculate the remainder when 3160 is divided by 29.
28
What is the remainder when 5432 is divided by 37?
30
What is the remainder when 39 is divided by 23?
16
Calculate the remainder when 465 is divided by 18.
15
Calculate the remainder when 514 is divided by 5.
4
Calculate the remainder when 358 is divided by 24.
22
Calculate the remainder when 222 is divided by 20.
2
What is the remainder when 202 is divided by 21?
13
What is the remainder when 242 is divided by 119?
4
Calculate the remainder when 55 is divided by 22.
11
What is the remainder when 431 is divided by 24?
23
Calculate the remainder when 249 is divided by 61.
5
What is the remainder when 153 is divided by 53?
47
What is the remainder when 165 is divided by 32?
5
What is the remainder when 105 is divided by 1?
0
What is the remainder when 436 is divided by 113?
97
What is the remainder when 141 is divided by 13?
11
Calculate the remainder when 19 is divided by 4.
3
What is the remainder when 712 is divided by 122?
102
What is the remainder when 530 is divided by 41?
38
What is the remainder when 163 is divided by 15?
13
What is the remainder when 2015 is divided by 7?
6
Calculate the remainder when 279 is divided by 94.
91
What is the remainder when 297 is divided by 13?
11
Calculate the remainder when 45 is divided by 14.
3
What is the remainder when 118 is divided by 19?
4
Calculate the remainder when 443 is divided by 90.
83
What is the remainder when 926 is divided by 31?
27
Calculate the remainder when 929 is divided by 133.
131
What is the remainder when 46 is divided by 10?
6
Calculate the remainder when 171 is divided by 22.
17
Calculate the remainder when 183 is divided by 54.
21
What is the remainder when 77 is divided by 26?
25
Calculate the remainder when 341 is divided by 56.
5
Calculate the remainder when 30028 is divided by 143.
141
Calculate the remainder when 1621 is divided by 4.
1
Calculate the remainder when 599 is divided by 43.
40
Calculate the remainder when 250 is divided by 51.
46
Calculate the remainder when 292 is divided by 81.
49
Calculate the remainder when 517 is divided by 169.
10
What is the remainder when 1233 is divided by 59?
53
What is the remainder when 311 is divided by 234?
77
What is the remainder when 192 is divided by 15?
12
Calculate the remainder when 18455 is divided by 9.
5
Calculate the remainder when 1332 is divided by 264.
12
Calculate the remainder when 809 is divided by 116.
113
What is the remainder when 718 is divided by 48?
46
What is the remainder when 545 is divided by 150?
95
What is the remainder when 142 is divided by 124?
18
Calculate the remainder when 148 is divided by 60.
28
What is the remainder when 1881 is divided by 45?
36
What is the remainder when 1438 is divided by 45?
43
What is the remainder when 378 is divided by 55?
48
What is the remainder when 23627 is divided by 22?
21
Calculate the remainder when 59953 is divided by 26.
23
Calculate the remainder when 108 is divided by 54.
0
Calculate the remainder when 627 is divided by 37.
35
Calculate the remainder when 995 is divided by 124.
3
What is the remainder when 146 is divided by 31?
22
Calculate the remainder when 179 is divided by 47.
38
Calculate the remainder when 259 is divided by 99.
61
What is the remainder when 4788 is divided by 208?
4
Calculate the remainder when 117 is divided by 69.
48
Calculate the remainder when 12 is divided by 2.
0
What is the remainder when 12 is divided by 1?
0
Calculate the remainder when 387 is divided by 176.
35
What is the remainder when 166 is divided by 57?
52
Calculate the remainder when 2074 is divided by 1031.
12
What is the remainder when 59 is divided by 11?
4
What is the remainder when 997 is divided by 471?
55
Calculate the remainder when 1469 is divided by 256.
189
Calculate the remainder when 247 is divided by 237.
10
Calculate the remainder when 158 is divided by 72.
14
What is the remainder when 20 is divided by 11?
9
What is the remainder when 2399 is divided by 25?
24
Calculate the remainder when 716 is divided by 10.
6
What is the remainder when 4568 is divided by 913?
3
Calculate the remainder when 74 is divided by 9.
2
Calculate the remainder when 1699 is divided by 23.
20
Calculate the remainder when 229 is divided by 10.
9
What is the remainder when 2110 is divided by 7?
3
What is the remainder when 36 is divided by 6?
0
What is the remainder when 582 is divided by 45?
42
Calculate the remainder when 527 is divided by 53.
50
Calculate the remainder when 304 is divided by 16.
0
What is the remainder when 269 is divided by 23?
16
Calculate the remainder when 72 is divided by 23.
3
What is the remainder when 6 is divided by 5?
1
What is the remainder when 105 is divided by 98?
7
What is the remainder when 214 is divided by 6?
4
What is the remainder when 771 is divided by 106?
29
Calculate the remainder when 152 is divided by 47.
11
Calculate the remainder when 191 is divided by 49.
44
Calculate the remainder when 207 is divided by 78.
51
What is the remainder when 131 is divided by 61?
9
Calculate the remainder when 79 is divided by 41.
38
What is the remainder when 82 is divided by 82?
0
What is the remainder when 1228 is divided by 112?
108
Calculate the remainder when 297 is divided by 15.
12
What is the remainder when 138 is divided by 25?
13
Calculate the remainder when 1567 is divided by 195.
7
Calculate the remainder when 773 is divided by 111.
107
Calculate the remainder when 235 is divided by 69.
28
Calculate the remainder when 58 is divided by 31.
27
Calculate the remainder when 30 is divided by 3.
0
Calculate the remainder when 68 is divided by 21.
5
What is the remainder when 50 is divided by 22?
6
Calculate the remainder when 1002 is divided by 21.
15
Calculate the remainder when 194 is divided by 96.
2
Calculate the remainder when 157 is divided by 51.
4
What is the remainder when 1989 is divided by 22?
9
What is the remainder when 1617 is divided by 30?
27
Calculate the remainder when 18 is divided by 10.
8
Calculate the remainder when 996 is divided by 8.
4
What is the remainder when 1078 is divided by 25?
3
What is the remainder when 1195 is divided by 23?
22
What is the remainder when 1076 is divided by 18?
14
What is the remainder when 540 is divided by 537?
3
What is the remainder when 242 is divided by 35?
32
What is the remainder when 1025 is divided by 149?
131
Calculate the remainder when 435 is divided by 360.
75
Calculate the remainder when 465 is divided by 446.
19
Calculate the remainder when 101 is divided by 4.
1
Calculate the remainder when 358 is divided by 24.
22
Calculate the remainder when 7764 is divided by 116.
108
Calculate the remainder when 90 is divided by 29.
3
Calculate the remainder when 574 is divided by 180.